{"id":73,"date":"2017-07-17T15:36:37","date_gmt":"2017-07-17T13:36:37","guid":{"rendered":"http:\/\/www.aufmhagen.de\/?page_id=73"},"modified":"2023-11-13T12:10:45","modified_gmt":"2023-11-13T10:10:45","slug":"ueber-uns","status":"publish","type":"page","link":"https:\/\/www.aufmhagen.de\/?page_id=73","title":{"rendered":"\u00dcber uns"},"content":{"rendered":"<p>Meine Name ist Christiane Schmidt-Modrow (Kitty), ich habe 4 Kinder und &#8211; bis jetzt- 4 Enkelkinder und von Kindesbeinen an, irgendwie immer mit Pferden zu tun.<br \/>\nW\u00e4hrend meiner Zeit auf einem Milchviehbetrieb haben wir auch einen Offenstall gebaut und selbst bewirtschaftet.<\/p>\n<p>Au\u00dferdem habe ich eine zweij\u00e4hrige Ausbildung zur Reittherapeutin und Coach absolviert und arbeite seit fast zehn Jahren sehr gerne auch in diesem Beruf.<br \/>\nSeit 2015 bewirtschafte ich nun meinen Hof in Radevormwald und habe ihn auf den jetztigen Stand gebracht.<\/p>\n<p>Meine rechte Hand heisst Stefanie Hermann. Sie ist 32 Jahre alt, verheiratet und hat 3 Kinder. Neben dem allt\u00e4glichen Familienchaos geh\u00f6rt ihr Leben den Pferden.<br \/>\nSie haben 2 Kaltbl\u00fcter, mit denen sie Kutsche fahren und alten Traditionen, wie z.B. B\u00e4umer\u00fccken, Ackerbau oder Wiesenpflege nachgehen.<\/p>\n<p>Au\u00dferdem kommen verschiedene Trainer zu uns an den Hof.<\/p>\n\n\t\t<style type=\"text\/css\">\n\t\t\t#gallery-1 {\n\t\t\t\tmargin: auto;\n\t\t\t}\n\t\t\t#gallery-1 .gallery-item {\n\t\t\t\tfloat: left;\n\t\t\t\tmargin-top: 10px;\n\t\t\t\ttext-align: center;\n\t\t\t\twidth: 50%;\n\t\t\t}\n\t\t\t#gallery-1 img {\n\t\t\t\tborder: 2px solid #cfcfcf;\n\t\t\t}\n\t\t\t#gallery-1 .gallery-caption {\n\t\t\t\tmargin-left: 0;\n\t\t\t}\n\t\t\t\/* see gallery_shortcode() in wp-includes\/media.php *\/\n\t\t<\/style>\n\t\t<div id='gallery-1' class='gallery galleryid-73 gallery-columns-2 gallery-size-large'><dl class='gallery-item'>\n\t\t\t<dt class='gallery-icon portrait'>\n\t\t\t\t<img loading=\"lazy\" decoding=\"async\" width=\"768\" height=\"1024\" src=\"https:\/\/www.aufmhagen.de\/wp-content\/uploads\/2017\/07\/cittysonyo1-768x1024.jpg\" class=\"attachment-large size-large\" alt=\"\" srcset=\"https:\/\/www.aufmhagen.de\/wp-content\/uploads\/2017\/07\/cittysonyo1-768x1024.jpg 768w, https:\/\/www.aufmhagen.de\/wp-content\/uploads\/2017\/07\/cittysonyo1-225x300.jpg 225w, https:\/\/www.aufmhagen.de\/wp-content\/uploads\/2017\/07\/cittysonyo1.jpg 900w\" sizes=\"auto, (max-width: 768px) 100vw, 768px\" \/>\n\t\t\t<\/dt><\/dl><dl class='gallery-item'>\n\t\t\t<dt class='gallery-icon portrait'>\n\t\t\t\t<img loading=\"lazy\" decoding=\"async\" width=\"768\" height=\"1024\" src=\"https:\/\/www.aufmhagen.de\/wp-content\/uploads\/2017\/07\/IMG-20170720-WA0017-3-768x1024.jpg\" class=\"attachment-large size-large\" alt=\"\" srcset=\"https:\/\/www.aufmhagen.de\/wp-content\/uploads\/2017\/07\/IMG-20170720-WA0017-3-768x1024.jpg 768w, https:\/\/www.aufmhagen.de\/wp-content\/uploads\/2017\/07\/IMG-20170720-WA0017-3-225x300.jpg 225w, https:\/\/www.aufmhagen.de\/wp-content\/uploads\/2017\/07\/IMG-20170720-WA0017-3.jpg 900w\" sizes=\"auto, (max-width: 768px) 100vw, 768px\" \/>\n\t\t\t<\/dt><\/dl><br style=\"clear: both\" \/>\n\t\t<\/div>\n\n","protected":false},"excerpt":{"rendered":"<p>Meine Name ist Christiane Schmidt-Modrow (Kitty), ich habe 4 Kinder und &#8211; bis jetzt- 4 Enkelkinder und von Kindesbeinen an, irgendwie immer mit Pferden zu tun. W\u00e4hrend meiner Zeit auf einem Milchviehbetrieb haben wir auch einen Offenstall gebaut und selbst bewirtschaftet. Au\u00dferdem habe ich eine zweij\u00e4hrige Ausbildung zur Reittherapeutin und Coach absolviert und arbeite seit <a class=\"more-link\" href=\"https:\/\/www.aufmhagen.de\/?page_id=73\">Weiterlesen&#8230;<\/a><\/p>\n","protected":false},"author":1,"featured_media":0,"parent":0,"menu_order":0,"comment_status":"closed","ping_status":"closed","template":"","meta":{"footnotes":""},"class_list":["post-73","page","type-page","status-publish","hentry"],"_links":{"self":[{"href":"https:\/\/www.aufmhagen.de\/index.php?rest_route=\/wp\/v2\/pages\/73","targetHints":{"allow":["GET"]}}],"collection":[{"href":"https:\/\/www.aufmhagen.de\/index.php?rest_route=\/wp\/v2\/pages"}],"about":[{"href":"https:\/\/www.aufmhagen.de\/index.php?rest_route=\/wp\/v2\/types\/page"}],"author":[{"embeddable":true,"href":"https:\/\/www.aufmhagen.de\/index.php?rest_route=\/wp\/v2\/users\/1"}],"replies":[{"embeddable":true,"href":"https:\/\/www.aufmhagen.de\/index.php?rest_route=%2Fwp%2Fv2%2Fcomments&post=73"}],"version-history":[{"count":9,"href":"https:\/\/www.aufmhagen.de\/index.php?rest_route=\/wp\/v2\/pages\/73\/revisions"}],"predecessor-version":[{"id":331,"href":"https:\/\/www.aufmhagen.de\/index.php?rest_route=\/wp\/v2\/pages\/73\/revisions\/331"}],"wp:attachment":[{"href":"https:\/\/www.aufmhagen.de\/index.php?rest_route=%2Fwp%2Fv2%2Fmedia&parent=73"}],"curies":[{"name":"wp","href":"https:\/\/api.w.org\/{rel}","templated":true}]}}