{"id":67,"date":"2017-07-17T15:34:47","date_gmt":"2017-07-17T13:34:47","guid":{"rendered":"http:\/\/www.aufmhagen.de\/?page_id=67"},"modified":"2017-07-18T13:33:11","modified_gmt":"2017-07-18T11:33:11","slug":"therapeutisches-reiten","status":"publish","type":"page","link":"https:\/\/www.aufmhagen.de\/?page_id=67","title":{"rendered":"Therapeutisches Reiten"},"content":{"rendered":"<header class=\"entry-header\">\n<h1 class=\"entry-title\"><img loading=\"lazy\" decoding=\"async\" class=\"aligncenter wp-image-123 size-full\" src=\"http:\/\/www.aufmhagen.de\/wp-content\/uploads\/2017\/07\/julia2.jpg\" alt=\"\" width=\"1200\" height=\"600\" srcset=\"https:\/\/www.aufmhagen.de\/wp-content\/uploads\/2017\/07\/julia2.jpg 1200w, https:\/\/www.aufmhagen.de\/wp-content\/uploads\/2017\/07\/julia2-300x150.jpg 300w, https:\/\/www.aufmhagen.de\/wp-content\/uploads\/2017\/07\/julia2-768x384.jpg 768w, https:\/\/www.aufmhagen.de\/wp-content\/uploads\/2017\/07\/julia2-1024x512.jpg 1024w\" sizes=\"auto, (max-width: 1200px) 100vw, 1200px\" \/><\/h1>\n<\/header>\n<div class=\"entry-content\">\n<p>Heilp\u00e4dagogisches Reiten und die Reittherapie bieten Hilfe bei Problemen wie z.B.:<\/p>\n<ul>\n<li>Schul\u00e4ngsten, Selbstwertproblematiken, Wahrnehmungsst\u00f6rungen&#8230;<\/li>\n<li>begleitend bei Sucht- Missbrauch- oder Traumapatienten&#8230;.<\/li>\n<li>erm\u00f6glichen rehabilitative Angebote nach Schlaganfall, Herzinfarten, Spastiken oder L\u00e4hmungen z.B. durch einen Unfall&#8230;<\/li>\n<li>verz\u00f6gern erfolgreich den Multiples Sklerose Verlauf&#8230;<\/li>\n<li>wird eingesetzt bei k\u00f6rperlichen oder geistigen Einschr\u00e4nkungen&#8230;<\/li>\n<\/ul>\n\n\t\t<style type=\"text\/css\">\n\t\t\t#gallery-1 {\n\t\t\t\tmargin: auto;\n\t\t\t}\n\t\t\t#gallery-1 .gallery-item {\n\t\t\t\tfloat: left;\n\t\t\t\tmargin-top: 10px;\n\t\t\t\ttext-align: center;\n\t\t\t\twidth: 50%;\n\t\t\t}\n\t\t\t#gallery-1 img {\n\t\t\t\tborder: 2px solid #cfcfcf;\n\t\t\t}\n\t\t\t#gallery-1 .gallery-caption {\n\t\t\t\tmargin-left: 0;\n\t\t\t}\n\t\t\t\/* see gallery_shortcode() in wp-includes\/media.php *\/\n\t\t<\/style>\n\t\t<div id='gallery-1' class='gallery galleryid-67 gallery-columns-2 gallery-size-large'><dl class='gallery-item'>\n\t\t\t<dt class='gallery-icon landscape'>\n\t\t\t\t<img loading=\"lazy\" decoding=\"async\" width=\"780\" height=\"585\" src=\"https:\/\/www.aufmhagen.de\/wp-content\/uploads\/2017\/07\/julia1-1-1024x768.jpg\" class=\"attachment-large size-large\" alt=\"\" srcset=\"https:\/\/www.aufmhagen.de\/wp-content\/uploads\/2017\/07\/julia1-1-1024x768.jpg 1024w, https:\/\/www.aufmhagen.de\/wp-content\/uploads\/2017\/07\/julia1-1-300x225.jpg 300w, https:\/\/www.aufmhagen.de\/wp-content\/uploads\/2017\/07\/julia1-1-768x576.jpg 768w, https:\/\/www.aufmhagen.de\/wp-content\/uploads\/2017\/07\/julia1-1.jpg 1200w\" sizes=\"auto, (max-width: 780px) 100vw, 780px\" \/>\n\t\t\t<\/dt><\/dl><dl class='gallery-item'>\n\t\t\t<dt class='gallery-icon landscape'>\n\t\t\t\t<img loading=\"lazy\" decoding=\"async\" width=\"780\" height=\"585\" src=\"https:\/\/www.aufmhagen.de\/wp-content\/uploads\/2017\/07\/kitty-lohmann-03-1-1024x768.jpg\" class=\"attachment-large size-large\" alt=\"\" srcset=\"https:\/\/www.aufmhagen.de\/wp-content\/uploads\/2017\/07\/kitty-lohmann-03-1-1024x768.jpg 1024w, https:\/\/www.aufmhagen.de\/wp-content\/uploads\/2017\/07\/kitty-lohmann-03-1-300x225.jpg 300w, https:\/\/www.aufmhagen.de\/wp-content\/uploads\/2017\/07\/kitty-lohmann-03-1-768x576.jpg 768w, https:\/\/www.aufmhagen.de\/wp-content\/uploads\/2017\/07\/kitty-lohmann-03-1.jpg 1200w\" sizes=\"auto, (max-width: 780px) 100vw, 780px\" \/>\n\t\t\t<\/dt><\/dl><br style=\"clear: both\" \/><dl class='gallery-item'>\n\t\t\t<dt class='gallery-icon landscape'>\n\t\t\t\t<img loading=\"lazy\" decoding=\"async\" width=\"780\" height=\"585\" src=\"https:\/\/www.aufmhagen.de\/wp-content\/uploads\/2017\/07\/nikaufsonyo-1024x768.jpg\" class=\"attachment-large size-large\" alt=\"\" srcset=\"https:\/\/www.aufmhagen.de\/wp-content\/uploads\/2017\/07\/nikaufsonyo-1024x768.jpg 1024w, https:\/\/www.aufmhagen.de\/wp-content\/uploads\/2017\/07\/nikaufsonyo-300x225.jpg 300w, https:\/\/www.aufmhagen.de\/wp-content\/uploads\/2017\/07\/nikaufsonyo-768x576.jpg 768w, https:\/\/www.aufmhagen.de\/wp-content\/uploads\/2017\/07\/nikaufsonyo.jpg 1200w\" sizes=\"auto, (max-width: 780px) 100vw, 780px\" \/>\n\t\t\t<\/dt><\/dl><dl class='gallery-item'>\n\t\t\t<dt class='gallery-icon landscape'>\n\t\t\t\t<img loading=\"lazy\" decoding=\"async\" width=\"780\" height=\"585\" src=\"https:\/\/www.aufmhagen.de\/wp-content\/uploads\/2017\/07\/kitty-lohmann-35-1024x768.jpg\" class=\"attachment-large size-large\" alt=\"\" srcset=\"https:\/\/www.aufmhagen.de\/wp-content\/uploads\/2017\/07\/kitty-lohmann-35-1024x768.jpg 1024w, https:\/\/www.aufmhagen.de\/wp-content\/uploads\/2017\/07\/kitty-lohmann-35-300x225.jpg 300w, https:\/\/www.aufmhagen.de\/wp-content\/uploads\/2017\/07\/kitty-lohmann-35-768x576.jpg 768w, https:\/\/www.aufmhagen.de\/wp-content\/uploads\/2017\/07\/kitty-lohmann-35.jpg 1200w\" sizes=\"auto, (max-width: 780px) 100vw, 780px\" \/>\n\t\t\t<\/dt><\/dl><br style=\"clear: both\" \/><dl class='gallery-item'>\n\t\t\t<dt class='gallery-icon landscape'>\n\t\t\t\t<img loading=\"lazy\" decoding=\"async\" width=\"780\" height=\"585\" src=\"https:\/\/www.aufmhagen.de\/wp-content\/uploads\/2017\/07\/kitty-lohmann-54-1024x768.jpg\" class=\"attachment-large size-large\" alt=\"\" srcset=\"https:\/\/www.aufmhagen.de\/wp-content\/uploads\/2017\/07\/kitty-lohmann-54-1024x768.jpg 1024w, https:\/\/www.aufmhagen.de\/wp-content\/uploads\/2017\/07\/kitty-lohmann-54-300x225.jpg 300w, https:\/\/www.aufmhagen.de\/wp-content\/uploads\/2017\/07\/kitty-lohmann-54-768x576.jpg 768w, https:\/\/www.aufmhagen.de\/wp-content\/uploads\/2017\/07\/kitty-lohmann-54.jpg 1200w\" sizes=\"auto, (max-width: 780px) 100vw, 780px\" \/>\n\t\t\t<\/dt><\/dl>\n\t\t\t<br style='clear: both' \/>\n\t\t<\/div>\n\n<p>&nbsp;<\/p>\n<\/div>\n","protected":false},"excerpt":{"rendered":"<p>Heilp\u00e4dagogisches Reiten und die Reittherapie bieten Hilfe bei Problemen wie z.B.: Schul\u00e4ngsten, Selbstwertproblematiken, Wahrnehmungsst\u00f6rungen&#8230; begleitend bei Sucht- Missbrauch- oder Traumapatienten&#8230;. erm\u00f6glichen rehabilitative Angebote nach Schlaganfall, Herzinfarten, Spastiken oder L\u00e4hmungen z.B. durch einen Unfall&#8230; verz\u00f6gern erfolgreich den Multiples Sklerose Verlauf&#8230; wird eingesetzt bei k\u00f6rperlichen oder geistigen Einschr\u00e4nkungen&#8230; &nbsp;<\/p>\n","protected":false},"author":1,"featured_media":0,"parent":0,"menu_order":0,"comment_status":"closed","ping_status":"closed","template":"","meta":{"footnotes":""},"class_list":["post-67","page","type-page","status-publish","hentry"],"_links":{"self":[{"href":"https:\/\/www.aufmhagen.de\/index.php?rest_route=\/wp\/v2\/pages\/67","targetHints":{"allow":["GET"]}}],"collection":[{"href":"https:\/\/www.aufmhagen.de\/index.php?rest_route=\/wp\/v2\/pages"}],"about":[{"href":"https:\/\/www.aufmhagen.de\/index.php?rest_route=\/wp\/v2\/types\/page"}],"author":[{"embeddable":true,"href":"https:\/\/www.aufmhagen.de\/index.php?rest_route=\/wp\/v2\/users\/1"}],"replies":[{"embeddable":true,"href":"https:\/\/www.aufmhagen.de\/index.php?rest_route=%2Fwp%2Fv2%2Fcomments&post=67"}],"version-history":[{"count":6,"href":"https:\/\/www.aufmhagen.de\/index.php?rest_route=\/wp\/v2\/pages\/67\/revisions"}],"predecessor-version":[{"id":201,"href":"https:\/\/www.aufmhagen.de\/index.php?rest_route=\/wp\/v2\/pages\/67\/revisions\/201"}],"wp:attachment":[{"href":"https:\/\/www.aufmhagen.de\/index.php?rest_route=%2Fwp%2Fv2%2Fmedia&parent=67"}],"curies":[{"name":"wp","href":"https:\/\/api.w.org\/{rel}","templated":true}]}}