{"id":63,"date":"2017-07-17T15:30:55","date_gmt":"2017-07-17T13:30:55","guid":{"rendered":"http:\/\/www.aufmhagen.de\/?page_id=63"},"modified":"2017-07-17T17:24:26","modified_gmt":"2017-07-17T15:24:26","slug":"meine-philosophie","status":"publish","type":"page","link":"https:\/\/www.aufmhagen.de\/?page_id=63","title":{"rendered":"Meine Philosophie"},"content":{"rendered":"<p><img loading=\"lazy\" decoding=\"async\" class=\"aligncenter wp-image-126 size-full\" src=\"http:\/\/www.aufmhagen.de\/wp-content\/uploads\/2017\/07\/DSC1794.jpg\" alt=\"\" width=\"1200\" height=\"600\" srcset=\"https:\/\/www.aufmhagen.de\/wp-content\/uploads\/2017\/07\/DSC1794.jpg 1200w, https:\/\/www.aufmhagen.de\/wp-content\/uploads\/2017\/07\/DSC1794-300x150.jpg 300w, https:\/\/www.aufmhagen.de\/wp-content\/uploads\/2017\/07\/DSC1794-768x384.jpg 768w, https:\/\/www.aufmhagen.de\/wp-content\/uploads\/2017\/07\/DSC1794-1024x512.jpg 1024w\" sizes=\"auto, (max-width: 1200px) 100vw, 1200px\" \/><\/p>\n<p>Das Sozialverhalten der Pferde sichert das \u00dcberleben und die Fortpflanzung f\u00fcr diese Art. Verschiedene Reaktionen der Pferde haben immer einen Ausl\u00f6ser, den zu erkennen und zu deuten unsere Aufgabe ist.<br \/>\nDarum stehen unsere Pferde in gemischten Herden und wir versuchen, uns Ihr<br \/>\nVerhalten und ihre Talente zu Nutze zu machen, in dem wir ihre Pers\u00f6nlichkeiten respektieren.<\/p>\n<p>Ebenso geht es mit uns Menschen.<br \/>\nWir sind eine Gruppe Menschen, Erwachsene und Kinder,<br \/>\ndie fr\u00f6hlich und freundschaftlich miteinander umgeht, aber die auch den anderen in seiner Art respektiert.<\/p>\n","protected":false},"excerpt":{"rendered":"<p>Das Sozialverhalten der Pferde sichert das \u00dcberleben und die Fortpflanzung f\u00fcr diese Art. Verschiedene Reaktionen der Pferde haben immer einen Ausl\u00f6ser, den zu erkennen und zu deuten unsere Aufgabe ist. Darum stehen unsere Pferde in gemischten Herden und wir versuchen, uns Ihr Verhalten und ihre Talente zu Nutze zu machen, in dem wir ihre Pers\u00f6nlichkeiten <a class=\"more-link\" href=\"https:\/\/www.aufmhagen.de\/?page_id=63\">Weiterlesen&#8230;<\/a><\/p>\n","protected":false},"author":1,"featured_media":0,"parent":0,"menu_order":0,"comment_status":"closed","ping_status":"closed","template":"","meta":{"footnotes":""},"class_list":["post-63","page","type-page","status-publish","hentry"],"_links":{"self":[{"href":"https:\/\/www.aufmhagen.de\/index.php?rest_route=\/wp\/v2\/pages\/63","targetHints":{"allow":["GET"]}}],"collection":[{"href":"https:\/\/www.aufmhagen.de\/index.php?rest_route=\/wp\/v2\/pages"}],"about":[{"href":"https:\/\/www.aufmhagen.de\/index.php?rest_route=\/wp\/v2\/types\/page"}],"author":[{"embeddable":true,"href":"https:\/\/www.aufmhagen.de\/index.php?rest_route=\/wp\/v2\/users\/1"}],"replies":[{"embeddable":true,"href":"https:\/\/www.aufmhagen.de\/index.php?rest_route=%2Fwp%2Fv2%2Fcomments&post=63"}],"version-history":[{"count":2,"href":"https:\/\/www.aufmhagen.de\/index.php?rest_route=\/wp\/v2\/pages\/63\/revisions"}],"predecessor-version":[{"id":127,"href":"https:\/\/www.aufmhagen.de\/index.php?rest_route=\/wp\/v2\/pages\/63\/revisions\/127"}],"wp:attachment":[{"href":"https:\/\/www.aufmhagen.de\/index.php?rest_route=%2Fwp%2Fv2%2Fmedia&parent=63"}],"curies":[{"name":"wp","href":"https:\/\/api.w.org\/{rel}","templated":true}]}}